(-12))/((-2)/(-20)).
13
What is the remainder when (4/8 + 3)/((-3)/(-66)) is divided by (-5)/20 + -6*(-27)/8?
17
Suppose 0*z - 3*z + 4*p + 25 = 0, -2*z - 3*p - 6 = 0. What is the remainder when ((-20)/(-15))/(20/675) is divided by z?
0
Suppose -2*s - 3*s + 40 = 0. Suppose -60 = -4*x - s. Suppose -19 = -4*r + x. What is the remainder when 23 is divided by r?
7
Let t be (-277)/(-4) - 5/20. Let n = t - 33. What is the remainder when n is divided by 13?
10
Let k(h) be the first derivative of -21*h**4/4 + h**3/3 - h**2/2 - h + 1. Let d be k(-1). What is the remainder when 41 is divided by (4 + -6)*d/(-4)?
8
Let g(o) = -o**3 + 21*o**2 + 101*o + 34. What is the remainder when g(25) is divided by 2/(128/62 - 2)?
28
Let r(z) = 0*z**2 + 74*z + 25 - 80*z + z**2. What is the remainder when r(12) is divided by 11?
9
Suppose 3*f - 68 = 2*i, -4*f - 2*i - 7 = -121. Let g = -3 - 0. Let c(k) = 8*k**2 + 4. What is the remainder when c(g) is divided by f?
24
Let l be (-2)/((56/(-52) + 1)/1). Let y = l + -13. Calculate the remainder when y is divided by 0 - 3/((-6)/8).
1
Suppose 21*i - 16*i = 160. Suppose -2*z + z - 1 = -4*p, -5*p + 59 = 4*z. Calculate the remainder when i is divided by z.
10
Let q be (-14)/((-12)/8*8/12). Let k(t) = -3*t**2 + 49*t - 10. Calculate the remainder when k(q) is divided by 9.
7
Let h = 15 - 8. Suppose -d + 194 = 2*i, 0*d - 5*i + 767 = 4*d. Let w = d + -161. Calculate the remainder when w is divided by h.
6
Let p(t) = -t. Let n be p(4). Let b = -6 + n. What is the remainder when (-6)/15 + (-274)/b is divided by 10?
7
Let m(o) = 3*o**3 + 6*o**2 + 15*o + 3. Let c(v) = 5*v**3 + 9*v**2 + 23*v + 5. Let g(d) = -5*c(d) + 8*m(d). What is the remainder when 53 is divided by g(3)?
11
Let k = 456 - 424. What is the remainder when 127 is divided by k?
31
Suppose 4*g + 2*a - 4 = 78, 2*g + 5*a - 53 = 0. Calculate the remainder when 3/6 + (-925)/(-10) is divided by g.
17
Let w(s) = 7*s - 3. Let i(z) = -21*z + 9. Let a(v) = 3*i(v) + 8*w(v). What is the remainder when a(-3) is divided by 7?
3
Let w(f) = -f - 1. Suppose 0*o + 2*o + 14 = 0. What is the remainder when 16 is divided by w(o)?
4
What is the remainder when 12/(-840)*-19271 - (-3)/(-10) is divided by 132?
11
Let a(p) = 2*p**2 - 6*p - 5. Let j be a(-2). Suppose -2*s = -j + 3. What is the remainder when 23 is divided by s?
5
Let z(y) = 2*y**3 + y**2 + 2*y + 1. Let o be z(-1). Suppose 8 = 4*r - 4, 0 = -2*x + r + 13. What is the remainder when (-3)/o - (-284)/x is divided by 13?
11
Let g = 338 + -229. Calculate the remainder when g is divided by 11.
10
Let f = 4 - -2. Suppose 5*j = -g + 48, f*j - 2*j + 2*g - 36 = 0. Calculate the remainder when j is divided by 2.
0
Let i(s) = -9*s + 58. Let x be i(14). Let h = -48 - x. What is the remainder when h is divided by 8?
4
Let x(t) = 4*t**2 + 1. Suppose 3*i - 2 = 5*i. Suppose -26*z + 51 = -27. What is the remainder when x(i) is divided by z?
2
Suppose -5*a + 4*q = q - 20, -5*a - 2*q = -20. Calculate the remainder when 37 is divided by a.
1
Let d(i) = 3*i**2 - i - 12. Let t = 65 - 52. What is the remainder when d(-6) is divided by t?
11
Let u be (-14)/10 + 2/5. Let o be (u/(-2))/((-2)/(-28)). Calculate the remainder when 29 is divided by ((-50)/(-35))/(1/o).
9
Calculate the remainder when (-1)/10 - 137126/(-460) is divided by 30.
28
Let o = -2 - -8. Calculate the remainder when (-112)/(-2)*1/2 is divided by (o/(-18))/(1/(-45)).
13
Suppose -5*z + 458 - 88 = 0. Calculate the remainder when z is divided by -4*(-1)/8*22.
8
What is the remainder when 59 is divided by 33/5*(-275)/(-165)?
4
Let d = 63 + 309. What is the remainder when d is divided by 125?
122
Suppose -4*s + 9*s = 555. Calculate the remainder when s is divided by 16.
15
Let x = -88 + 90. Suppose 6*i - 78 = x*i + c, 2*i - c = 40. What is the remainder when i is divided by 11?
8
Let r = 77 + -75. Calculate the remainder when 15 is divided by r.
1
Suppose -3*o - 53 = -i, 4*i + 4*o - 171 = -39. Let z(m) = 3*m - 18. Let x be z(-4). Let w = 40 + x. What is the remainder when i is divided by w?
8
Let s be (-452)/(-10) + (-2)/10. Calculate the remainder when 70 is divided by (-2)/(-3)*s/(-20)*-6.
7
Suppose 3*q + 1089 = 3696. Suppose -7*k + 3*k + d = -697, d - q = -5*k. Calculate the remainder when (8/12)/(4/k) is divided by 8.
5
Calculate the remainder when 225 is divided by 5/((-150)/(-144))*(-30)/(-8).
9
Suppose -4*v = -g + 129, 1 = v - 4. What is the remainder when g is divided by 38?
35
Let x = -27 + 82. Suppose 4*h - x = -h. Let j(d) = d**3 - d**2 + d - 1. Calculate the remainder when h is divided by j(2).
1
Let m = -379 - -688. Calculate the remainder when m is divided by 8.
5
Let q = 35 - 21. Let c = q - -1. Let v = 17 + 10. Calculate the remainder when v is divided by c.
12
Suppose -2*v + 18*r + 33 = 15*r, -r = -3. Calculate the remainder when 289 is divided by v.
16
Let d be (-2 + -1)*14/(-6). Calculate the remainder when (24/10)/(((-21)/(-10))/d) is divided by 4.
0
Suppose 5*q - 55 = 8*p - 9*p, 3*p = 3*q - 51. What is the remainder when 269 is divided by q?
5
Let l(q) = -7*q + 38. What is the remainder when l(-4) is divided by 25?
16
What is the remainder when -4 + (-6)/(-24)*332 is divided by 16?
15
Let h = 380 - 333. Let z be 2/1*(-17)/2. Let a = 41 + z. Calculate the remainder when h is divided by a.
23
Let o(l) = -l**3 - 13*l**2 - 13*l - 8. Let r be o(-12). Suppose -r*j + 100 + 36 = 0. Let s(t) = t + 16. What is the remainder when j is divided by s(-4)?
10
Suppose x + 6*d = 5*d + 92, -3*d - 174 = -2*x. What is the remainder when x is divided by 19?
14
Suppose -14*l + 13*l = -5*h + 21, -h = l - 9. What is the remainder when 26 is divided by h?
1
Let u = -1 + 25. Suppose 2*p - 4 - u = 0. Suppose 2*s = 3*s - 3*n - 14, -8 = 4*n. Calculate the remainder when p is divided by s.
6
Suppose -4*n - 5*m - 5 + 58 = 0, -n + 3*m = -9. Let s be ((1 - 1)/(-1))/(-1). Suppose -2*a + a + 33 = s. Calculate the remainder when a is divided by n.
9
Let f = 9 + -21. Let o = -4 - f. Let b = 37 - 0. What is the remainder when b is divided by o?
5
Suppose 1260 = -74*r + 86*r. Calculate the remainder when r is divided by 30.
15
Let n = -397 - -242. Let m = -90 - 10. Let b = m - n. What is the remainder when b is divided by 14?
13
Let j(g) = 8*g + 38. Calculate the remainder when j(4) is divided by 19.
13
Let y be 12/4 - 6/2. Suppose d - 18 + 1 = y. What is the remainder when 31 is divided by d?
14
Let q = -38 - -46. Let i be (2 - 1)*0 + 2. Suppose -i*l + 40 = 2*d, -2*l = -2*d + l + 15. What is the remainder when d is divided by q?
7
Let l(s) = 27*s + 170. Let a(i) = -2*i + 2. Calculate the remainder when a(-6) is divided by l(-6).
6
Let y = 3 + 11. Let j(o) = o**3 - 2*o**2 - 6*o + 5. What is the remainder when j(4) is divided by (-63)/y*(-4)/9?
1
Let p = -1151 + 1210. Calculate the remainder when 292 is divided by p.
56
Suppose -5*q - 97 = -o, -2*q - 456 = -4*o + q. Let i = o - 45. Suppose -4*p + i = -5*j - 201, 3*j = -2*p + 131. What is the remainder when p is divided by 14?
11
Let t be (1 + 0 + 0)/(1 - 0). Let v(c) = 30*c**3 + c - 2. Calculate the remainder when v(t) is divided by 16.
13
Let o(c) = c**3 - 3*c**2 - 72*c + 9. Calculate the remainder when 573 is divided by o(-7).
21
Let u(o) be the first derivative of -7*o**2/2 - 4*o + 55. What is the remainder when u(-1) is divided by ((-8)/10)/((-4)/10)?
1
Suppose -428*q = -430*q + 48. What is the remainder when 237 is divided by q?
21
Let c be ((-12)/(-9))/((-8)/(-12)). Suppose -n - 5*j = c*n - 46, 2*n = -3*j + 29. What is the remainder when n is divided by 4?
3
Let o(h) = h**3 + 3*h**2 - 3*h + 4. Let y be o(-4). Suppose 5*k - 47 - 108 = y. Let r = 122 + -106. Calculate the remainder when k is divided by r.
15
Suppose 0*t + 4*n - 31 = -3*t, -2*t + 3*n = -15. What is the remainder when 28 is divided by t?
1
What is the remainder when 122 is divided by 700/40*(-5 + 7)?
17
Let v(f) = f**2 + 7*f + 19. What is the remainder when v(-10) is divided by 10?
9
Let b be 71*((-5 - -3) + 2 + 1). Suppose -b + 94 = t. What is the remainder when 85 is divided by t?
16
Let s(l) = l**3 - 40*l**2 + 42*l - 22. Calculate the remainder when 946 is divided by s(39).
91
Suppose 5*w - 52 = -2. Suppose 58 = w*d - 12. What is the remainder when 10 is divided by d?
3
Let j be ((-31)/3)/((-